3
What is the tens digit of 3237452?
5
What is the hundred thousands digit of 140029?
1
What is the hundreds digit of 17963655?
6
What is the hundreds digit of 264193?
1
What is the tens digit of 41048?
4
What is the units digit of 793515?
5
What is the hundred thousands digit of 680884?
6
What is the ten thousands digit of 1928739?
2
What is the units digit of 129825?
5
What is the millions digit of 1101196?
1
What is the hundreds digit of 1492372?
3
What is the millions digit of 13104682?
3
What is the hundreds digit of 933068?
0
What is the ten thousands digit of 307566?
0
What is the millions digit of 1469797?
1
What is the millions digit of 4644339?
4
What is the tens digit of 17282410?
1
What is the hundred thousands digit of 26181834?
1
What is the millions digit of 5908988?
5
What is the hundreds digit of 1451257?
2
What is the thousands digit of 1519137?
9
What is the thousands digit of 3613214?
3
What is the hundreds digit of 1704635?
6
What is the thousands digit of 2914031?
4
What is the units digit of 307413?
3
What is the tens digit of 8163048?
4
What is the tens digit of 223374?
7
What is the tens digit of 860360?
6
What is the hundreds digit of 233716?
7
What is the ten thousands digit of 320544?
2
What is the ten thousands digit of 253332?
5
What is the units digit of 20740?
0
What is the tens digit of 588645?
4
What is the hundred thousands digit of 3808495?
8
What is the thousands digit of 69859?
9
What is the hundreds digit of 263984?
9
What is the millions digit of 1685841?
1
What is the ten thousands digit of 110371?
1
What is the tens digit of 6850425?
2
What is the hundred thousands digit of 804328?
8
What is the tens digit of 203446?
4
What is the hundreds digit of 3316397?
3
What is the ten millions digit of 10273961?
1
What is the ten thousands digit of 139830?
3
What is the hundred thousands digit of 1766172?
7
What is the tens digit of 31222?
2
What is the thousands digit of 115830?
5
What is the ten thousands digit of 276095?
7
What is the hundred thousands digit of 1056260?
0
What is the units digit of 1004022?
2
What is the tens digit of 740051?
5
What is the thousands digit of 340215?
0
What is the millions digit of 5085301?
5
What is the units digit of 19796?
6
What is the ten thousands digit of 187054?
8
What is the units digit of 56041?
1
What is the tens digit of 65730?
3
What is the hundreds digit of 670135?
1
What is the millions digit of 20816269?
0
What is the tens digit of 14356782?
8
What is the thousands digit of 308693?
8
What is the ten thousands digit of 13565264?
6
What is the thousands digit of 57332?
7
What is the tens digit of 227878?
7
What is the units digit of 488906?
6
What is the units digit of 1052679?
9
What is the millions digit of 9902545?
9
What is the thousands digit of 250964?
0
What is the hundred thousands digit of 716428?
7
What is the hundreds digit of 22547?
5
What is the ten thousands digit of 217212?
1
What is the ten thousands digit of 380689?
8
What is the tens digit of 3044581?
8
What is the tens digit of 139335?
3
What is the ten thousands digit of 73690?
7
What is the millions digit of 3392479?
3
What is the tens digit of 2789352?
5
What is the hundred thousands digit of 13024435?
0
What is the thousands digit of 22151?
2
What is the tens digit of 10905098?
9
What is the ten thousands digit of 875792?
7
What is the hundreds digit of 707061?
0
What is the units digit of 28750359?
9
What is the tens digit of 449311?
1
What is the hundreds digit of 223748?
7
What is the ten thousands digit of 7879176?
7
What is the tens digit of 20677590?
9
What is the units digit of 468050?
0
What is the millions digit of 1966008?
1
What is the ten thousands digit of 211190?
1
What is the hundreds digit of 832906?
9
What is the ten thousands digit of 148468?
4
What is the hundreds digit of 422912?
9
What is the hundreds digit of 571072?
0
What is the hundreds digit of 215239?
2
What is the hundred thousands digit of 2203433?
2
What is the tens digit of 206428?
2
What is the millions digit of 8247433?
8
What is the hundreds digit of 1593993?
9
What is the ten thousands digit of 296365?
9
What is the hundred thousands digit of 3239994?
2
What is the thousands digit of 5180608?
0
What is the hundred thousands digit of 499375?
4
What is the thousands digit of 175673?
5
What is the tens digit of 61792?
9
What is the hundred thousands digit of 716057?
7
What is the millions digit of 3741444?
3
What is the millions digit of 2203358?
2
What is the ten thousands digit of 1106543?
0
What is the millions digit of 22002521?
2
What is the units digit of 2771988?
8
What is the hundreds digit of 255674?
6
What is the ten thousands digit of 521816?
2
What is the tens digit of 980173?
7
What is the hundreds digit of 2994250?
2
What is the thousands digit of 77551?
7
What is the ten thousands digit of 1345438?
4
What is the hundred thousands digit of 594798?
5
What is the units digit of 223935?
5
What is the ten thousands digit of 6291610?
9
What is the hundred thousands digit of 1324388?
3
What is the millions digit of 8918115?
8
What is the hundreds digit of 107874?
8
What is the ten thousands digit of 1375751?
7
What is the millions digit of 2534432?
2
What is the ten thousands digit of 1014300?
1
What is the ten thousands digit of 964693?
6
What is the ten thousands digit of 124383?
2
What is the hundred thousands digit of 3369783?
3
What is the tens digit of 2775665?
6
What is the tens digit of 26997817?
1
What is the ten thousands digit of 463031?
6
What is the hundreds digit of 23799?
7
What is the hundreds digit of 245628?
6
What is the units digit of 446641?
1
What is the hundreds digit of 7870822?
8
What is the hundreds digit of 86618?
6
What is the tens digit of 120969?
6
What is the millions digit of 21885062?
1
What is the thousands digit of 633002?
3
What is the units digit of 137758?
8
What is the millions digit of 18394465?
8
What is the thousands digit of 177532?
7
What is the ten millions digit of 20264678?
2
What is the thousands digit of 127837?
7
What is the thousands digit of 422805?
2
What is the hundred thousands digit of 3154731?
1
What is the units digit of 501102?
2
What is the tens digit of 275954?
5
What is the ten thousands digit of 2417245?
1
What is the units digit of 2256502?
2
What is the units digit of 243110?
0
What is the thousands digit of 2228793?
8
What is the units digit of 2783322?
2
What is the tens digit of 235299?
9
What is the thousands digit of 2592975?
2
What is the thousands digit of 5140?
5
What is the tens digit of 279301?
0
What is the hundred thousands digit of 1017286?
0
What is the hundreds digit of 14091431?
4
What is the hundred thousands digit of 779211?
7
What is the units digit of 28849128?
8
What is the ten thousands digit of 904264?
0
What is the hundreds digit of 13360006?
0
What is the hundred thousands digit of 895587?
8
What is the ten millions digit of 18859939?
1
What is the ten thousands digit of 632291?
3
What is the hundreds digit of 504881?
8
What is the tens digit of 27226?
2
What is the units digit of 10272232?
2
What is the units digit of 247189?
9
What is the hundreds digit of 85543?
5
What is the ten millions digit of 29423611?
2
What is the units digit of 50256?
6
What is the tens digit of 825999?
9
What is the tens digit of 1352363?
6
What is the millions digit of 14262925?
4
What is the units digit of 346327?
7
What is the ten thousands digit of 8780406?
8
What is the hundreds digit of 1558449?
4
What is the thousands digit of 679394?
9
What is the thousands digit of 5147078?
7
What is the thousands digit of 5757920?
7
What is the hundreds digit of 4704222?
2
What is the hundreds digit of 269120?
1
What is the tens digit of 26527732?
3
What is the units digit of 4751996?
6
What is the ten thousands digit of 7419965?
1
What is the hundreds digit of 47867?
8
What is the ten thousands digit of 2054158?
5
What is the tens digit of 394365?
6
What is the tens digit of 516702?
0
What is the hundred thousands digit of 4825251?
8
What is the ten thousands digit of 314849?
1
What is the hundreds digit of 18963558?
5
What is the ten thousands digit of 91642?
9
What is the thousands digit of 1238226?
8
What is the thousands digit of 3